s - 5*i = -155, 2*i - p = -2*i. What are the prime factors of s?
5, 7
Let d(l) = -l + 21. Let s be d(23). What are the prime factors of ((475 + 6)*-1)/(2/s)?
13, 37
Let k(x) = -x**3 + 2*x**2 + 8*x - 10. Let h be k(3). Suppose h*z - 15 = 0, 0 = 25*y - 29*y + z + 3121. What are the prime factors of y?
11, 71
Suppose -44 = -3*s + 10. Let j be 2/((-24)/s) + 85/2. Suppose 5*o - 3*n + j = 795, -3*n - 456 = -3*o. List the prime factors of o.
149
Suppose 8 = -6*t - 22. Let w(b) = 28*b**2 + 35*b + 8. List the prime factors of w(t).
13, 41
Let o(a) = 3*a**2 - 44*a - 179. What are the prime factors of o(28)?
941
Let y(u) = 6*u**2 + 17*u - 97. Let g be y(10). Let n = g + -593. List the prime factors of n.
2, 5
Let q = 41356 + -6392. List the prime factors of q.
2, 8741
Let l(t) = 75*t**2 - t - 1. Let g be l(1). Let m = g + -72. List the prime factors of (-108)/8*(-11 + m).
3, 5
Let d(z) = -11 + 29 - 20 - 10 - 4*z. Let v be d(23). Let w = v + 112. List the prime factors of w.
2
Let u(z) = 28857*z + 23. What are the prime factors of u(1)?
2, 5, 19
List the prime factors of 2320 + -4 + 11 + 9.
2, 73
Let p(z) = -z + 9. Let q be p(6). Suppose s = -q*s - 4*l + 76, -2*s + 66 = -5*l. Suppose 59 = 4*r + s. List the prime factors of r.
3
Let a be 3/(-9*3/(-63)). Let u(o) = o**3 - 6*o**2 - 6*o - 5. Let f be u(a). What are the prime factors of 3/((-6)/(-83))*f?
83
Let z = -64 + 66. Suppose -3*q - z*q = -395. Suppose 0 = q*i - 84*i + 255. What are the prime factors of i?
3, 17
Let j be (-1)/(3/(-20)) + (-1)/(-3). Suppose -5*d - 68 = b, -5*b - 67 = 5*d - j. What are the prime factors of 3*1*(-420)/d?
2, 3, 5
Let o(l) = -l**3 - 22*l**2 + 22*l - 42. Let z be o(-23). Let x = z - -84. List the prime factors of x.
5, 13
Let m = 32 - -58. Suppose m + 573 = r - 5*c, -4*c + 690 = r. List the prime factors of r.
2, 3, 113
Suppose -4*f - 987 - 889 = 0. What are the prime factors of -1*(f + 6) - -4?
467
List the prime factors of (94/(-3))/((-5)/4 + (-73945)/(-59340)).
2, 43, 47
Let s(r) = r**3 + 17*r**2 - 3*r - 15. Let v be s(-8). What are the prime factors of ((-5)/(60/16))/((-6)/v)?
2, 5, 13
Suppose -28 = 73*t - 80*t. Suppose -h - 8 = -3*n, n = 6 - 2. Suppose 6*v - h = t*v. List the prime factors of v.
2
Suppose 22*m = 25*m + 63. Let i be 11/(99/(-150))*m/2. Let s = 266 - i. What are the prime factors of s?
7, 13
Suppose o + 34525 = 4*k, -o = -41*k + 38*k + 25894. List the prime factors of k.
3, 7, 137
Let s(o) = -3 - 2 + 4 + o - 1. Let d be s(-12). Let r(b) = b**2 + 5*b - 35. What are the prime factors of r(d)?
7, 13
Let c = 9637 - 4864. What are the prime factors of c?
3, 37, 43
Suppose 7*d = 4*d + 1305. Let q = 972 + d. List the prime factors of q.
3, 7, 67
Suppose 0 = -12*l - 44*l + 15*l + 62443. What are the prime factors of l?
1523
Suppose 125247 + 6585 = 24*x. What are the prime factors of x?
3, 1831
Suppose 0 = 3*p + 15, 3*y - 271475 = 30*p - 35*p. List the prime factors of y.
2, 5, 181
Let i be 4 + (-5 - -1) - 0. Let u be (1 + 297 - 2) + i. List the prime factors of 5*u/14 + (-62)/(-217).
2, 53
Suppose -n - 4 = -2*t + 16, 5*t + 5*n = 20. Suppose -3*a = w - t - 4, 4*a = 2*w + 6. Suppose -268 = -m - a*m. List the prime factors of m.
67
What are the prime factors of (238418/161 - 20)/(4/14)?
5113
Let m(s) be the third derivative of 11*s**5/20 - s**4/4 - s**3/3 - s**2 - 14. What are the prime factors of m(-4)?
2, 5, 11
Suppose 2*k - 11692 = -2*a, -11*a - 5846 = -k - 6*a. List the prime factors of k.
2, 37, 79
Let u = -331 - -334. Let d(s) = s**2 - 8 + 0 + 1 + 3*s. What are the prime factors of d(u)?
11
Let z(k) = 148*k**2 + 306*k + 56. List the prime factors of z(-14).
2, 3, 5, 7, 59
Let f = 72 - 67. List the prime factors of (273 - 6) + 1 - f.
263
List the prime factors of ((-24)/(-204)*17)/((-6)/(-57789)).
3, 6421
What are the prime factors of ((-135)/(-12))/(14/14168)?
3, 5, 11, 23
Let p be (-143782)/(-469) + (8/(-14))/1. Suppose p*o - 307*o = -1089. What are the prime factors of o?
3, 11
What are the prime factors of 2398 + 48/4 + -4?
2, 3, 401
What are the prime factors of 1/((-9)/(-3144)) - ((-55)/(-33))/5?
349
Suppose 2*k = 2*u + 83214, 560*u = 555*u + 30. List the prime factors of k.
3, 11, 13, 97
Suppose 0 = 21*o - 5441 - 30532. List the prime factors of o.
3, 571
Suppose 0 = 2*g - 3*g + 2*g. Let b be (-4)/(-18) - g - 16337/(-153). Suppose -b = -3*v + 2*v. List the prime factors of v.
107
Let k be 0/(2/(-6 + 4)). Suppose k = -x - c + 116, 5*x - c - 344 = 2*x. What are the prime factors of x?
5, 23
Let x(d) = 71*d**2 - 84*d - 1316. List the prime factors of x(-13).
3, 5, 157
Let d = 64 + -59. Suppose -d*c = c + 1728. Let a = -170 - c. List the prime factors of a.
2, 59
Let w be 140/560 + 1 + (-26)/8. List the prime factors of 1 + 6*91 - (6 + w).
3, 181
Suppose b = -3 - 6. Let k(t) = 9*t**2 + 13*t + 29. What are the prime factors of k(b)?
641
Suppose 0 = 2*q + 4*d - 3960, -2*q - 1952 = -3*q + 5*d. What are the prime factors of q?
2, 17, 29
Let g = -40 + 35. Let l = -2 - g. List the prime factors of l + 7/((-35)/(-15)).
2, 3
Let t be 8/20 - -2 - 8/20. Suppose -m - 3*w = -15, 0 = 3*m + 2*m + t*w - 23. Suppose 0*j = 2*j, 120 = m*l + j. What are the prime factors of l?
2, 5
Let z be 16*(3 + (-14)/4 + 1). Suppose -3*m - 2 = -z. Suppose m*n - 467 + 97 = 0. What are the prime factors of n?
5, 37
Let k be (-1121)/(-2) - (12 + -10)/(-4). Let f = k - -166. List the prime factors of f.
727
Let h(f) = -f**3 - f**2 - 17*f - 62. List the prime factors of h(-6).
2, 5, 11
Let t = -35 - -49. Let l = -14 + t. List the prime factors of (l - -5) + 570/10.
2, 31
Let j = -86 + 103. Suppose -10 = -7*y - j. List the prime factors of (95/((-1)/y))/(2 + -1).
5, 19
Let u be (1/(-6)*2)/((-3)/(-27)). Let v be (-1)/(1/120*u). Suppose -7*z + 817 = v. List the prime factors of z.
3, 37
Let v be (-6)/(-8)*208/(-78). What are the prime factors of (-12560)/(-24) - -3 - v/(-6)?
2, 263
Let z(s) = 3*s**2 + 11*s + 1. Let i be z(-11). Let y be (-6)/(-10) - (4 - (-10344)/(-10)). Suppose -i = 4*a - y. List the prime factors of a.
197
Suppose 15*o + 3701 = -1309. Let d = o + 649. List the prime factors of d.
3, 5, 7
Let j(k) = 202*k**2 - 3*k + 12. Let i be j(-3). Suppose 3*l - 2*b - 1392 = 0, 4*l - 46*b = -49*b + i. What are the prime factors of l?
2, 3, 7, 11
Let m(i) = 192*i + 2800. What are the prime factors of m(0)?
2, 5, 7
Suppose -765549 = -114*h + 907474 - 308557. What are the prime factors of h?
11969
Let h(z) = 16*z - 33. Suppose 5*b - 22 = 3*b. What are the prime factors of h(b)?
11, 13
Let t(n) = 10*n + 66*n**2 - 68*n**2 + 215*n**2 + 118*n**2 + 1. What are the prime factors of t(1)?
2, 3, 19
Suppose o - 12*o - 220 = 0. Let i be o/2 - (2 + 0/4). What are the prime factors of (-2)/(-4) + (-2934)/i?
5, 7
Let f be 40 + 30/((-15)/(-3)). Suppose 0 = -f*p + 40*p + 3552. List the prime factors of p.
2, 37
What are the prime factors of (-74452709)/(-1145) + 2/(-10)?
2, 127
List the prime factors of (1 + (-11)/22)*(2 - -9830)*2.
2, 1229
Let u be 15/20 + (-25)/(-4). Let j(z) = -2*z**3 + u*z - 12*z**2 - z**3 - 6 + 3*z + 4*z**3. List the prime factors of j(12).
2, 3, 19
Suppose 0 = -6*u + 8 + 472. Suppose 9*o + u = 5*o. Let l = 56 + o. What are the prime factors of l?
2, 3
Let q = 225 - -9772. What are the prime factors of q?
13, 769
Let g(o) = -6*o**2 - 22*o + 9. Let h be g(-4). What are the prime factors of h/(-5) - 6903/(-15)?
2, 5, 23
Let w = -11939 + 21800. What are the prime factors of w?
3, 19, 173
Suppose 2*v - 2*i - 4 = 0, -v - 3*i = 3*v - 15. Suppose -j + v*s = 3*j - 1730, 0 = 5*j + s - 2172. List the prime factors of j.
2, 7, 31
Let i be 8/(-12)*3 + 34. Suppose -s - 4*x + i = 3*s, -x = 2*s - 15. List the prime factors of (s + -10)/(3/(-21)).
3, 7
Let h(f) = 13*f - 6636*f**3 + 6635*f**3 - 2 + 9 - 3*f**2. List the prime factors of h(-11).
2, 13
Let i be 8/(-1) - (-2543 + -33). Suppose -3*y + 5*u - 2*u = -1920, 4*y - 2*u = i. What are the prime factors of y?
2, 7, 23
Suppose -f = -2*i, 3*f - 5 = -4*i + 5. Suppose -1722 = -4*o - 4*d + f*d, -5*o + d + 2142 = 0. List the prime factors of o.
3, 11, 13
Let r(t) = 27*t**3 - t**2 + 1. Suppose 16 = 6*y + 94. Let i be -1*4*y/26 - 1. What are the prime factors of r(i)?
3
Suppose 0 = -7*m + 79*m - 498888. List the prime factors of m.
13, 41
Let g = -3024 + 8